prime factors of u.
7, 19
What are the prime factors of 5*(20472/100)/(24/40)?
2, 853
Let a = 2119 - 1567. What are the prime factors of a?
2, 3, 23
Let y be -1 - -79 - (-1 - -2). Let p = -40 + y. What are the prime factors of p?
37
Let k be 438/(-18)*(-18)/2. Suppose -2*a + 2*j + 173 = -k, 5*a + j = 956. List the prime factors of a.
2, 3
Let r = -96 + 782. What are the prime factors of r?
2, 7
Let v(r) = -5*r**3 - 9*r**2 - 4*r + 7. Let x(b) = b**3 - b. Let a(p) = -v(p) - 4*x(p). Let f = 1 - 8. What are the prime factors of a(f)?
5, 7
Suppose -z - z = -4. Suppose -5*w = -4*g + 781, z*g - 410 = -2*w - 2*w. Suppose -2*i + 3*i - 55 = 2*s, -4*i + s = -g. List the prime factors of i.
7
Let v(z) = z**3 - 2*z**2 - 6*z + 1. Let t = 12 + -8. List the prime factors of v(t).
3
Suppose 0*w + 2*w - 5*d - 900 = 0, 4*w = 5*d + 1810. Suppose w + 457 = 3*s. List the prime factors of s.
2, 19
Suppose 2*x + x = -5*d - 179, -244 = 4*x + 4*d. Let l = -3 - x. What are the prime factors of l?
2, 3, 5
Suppose -4*j + 8 - 232 = 0. Let i = j - -66. What are the prime factors of i?
2, 5
Let o(y) be the third derivative of y**5/60 + 2*y**3/3 - y**2 + 36*y. Suppose 2*s + 4 = 5*q, 5*q = 5*s - s - 2. What are the prime factors of o(s)?
13
Let y(u) = 25*u - 2. List the prime factors of y(28).
2, 349
Let o be (-1)/(-2)*-4*4/(-8). What are the prime factors of o/5 + 219/5?
2, 11
Let y(u) = u + 9. Let w be y(-6). Suppose i - 31 = -4*t + 4*i, w*t + 3*i - 39 = 0. What are the prime factors of t/3*24/10?
2
Let r(v) = -2*v - 2 + v + 2 + 1. Let c be r(-3). Let t = -2 + c. What are the prime factors of t?
2
Suppose 6*y = -959 + 6179. List the prime factors of y.
2, 3, 5, 29
Suppose -5*v - 2924 = -2*t, 9197 - 1853 = 5*t - 4*v. List the prime factors of t.
2, 23
Suppose -5*x - 955 = -v, 3*v + 2*x + 1027 - 3807 = 0. What are the prime factors of v?
2, 3, 5, 31
Suppose 0 = -43*f + 55560 - 2111. What are the prime factors of f?
11, 113
Suppose -16*t - 75 = -21*t. Let n = t - -33. List the prime factors of n.
2, 3
What are the prime factors of 349/4*(-31 + 39)?
2, 349
Let n(t) = 9*t**2 - 6*t - 15. Let s be n(-8). Suppose 0 = 5*c - 159 + s. What are the prime factors of (-2)/9 + (-4340)/c?
2, 3
Let b = 792 + 2633. List the prime factors of b.
5, 137
Let m = 20 + -15. Suppose -m*h - 570 = 5*k, 4*k - 525 = 4*h + h. Let y = 155 + h. List the prime factors of y.
2, 23
What are the prime factors of ((-15)/60)/(7/(-2856))?
2, 3, 17
Let f = 471 - 249. List the prime factors of f.
2, 3, 37
Suppose -3*v = 21 - 6. Let w(c) = -5*c + 7. What are the prime factors of w(v)?
2
Let q = 1336 + -706. Suppose -8*i = -i - q. List the prime factors of i.
2, 3, 5
Suppose -8*a = -2*a - 948. Suppose 0 = -g + a + 16. List the prime factors of g.
2, 3, 29
Suppose 17*y - 22*y = 220. Let x = 74 - y. List the prime factors of x.
2, 59
Suppose 231*x - 14745 = 228*x. List the prime factors of x.
5, 983
Let l = -30 + 35. Suppose 2*b - 50 = -2*w, 0 = -l*w - b - b + 137. List the prime factors of w.
29
Let s = 94 - 160. List the prime factors of -1 - s/3 - (-5 + 4).
2, 11
Let j(b) = 22*b**2 + 5*b - 15. What are the prime factors of j(6)?
3, 269
Let c(b) = b**3 + 16*b**2 + 16*b + 22. Let j be c(-15). What are the prime factors of (3444/(-8))/j*(-1 + -1)?
3, 41
Suppose 4*k = 36*k - 5248. List the prime factors of k.
2, 41
Suppose -8*g = -9*g - 1, -5*g = -z + 1853. List the prime factors of z.
2, 3, 7, 11
Suppose -64 + 4 = -2*b. Suppose -2*o = 3*n - 2*n + 15, -3*o - b = 3*n. Let j = o + 8. What are the prime factors of j?
3
Let n = -10 + 44. Let s = -31 + n. What are the prime factors of s?
3
Let b be (-1 + 0)*(0 - -7). What are the prime factors of 15/35 + (-403)/b?
2, 29
Let p be (56/(-70))/(4/(-10)). Suppose b - 2*z = 20 + 13, -3*b + 115 = -p*z. Suppose x + 4*t - 17 = 0, 5*x - t - t = b. List the prime factors of x.
3
Let k = -65 + 110. Let u be (-18*16/(-24))/((-2)/(-13)). Let q = u - k. List the prime factors of q.
3, 11
Let k be ((-105)/(-14))/((-6)/(-8)). Let x be 9 + -5 + 0/(-2). Suppose -x*o + z + 84 = 0, 3*z + k = o - 11. List the prime factors of o.
3, 7
Suppose -q = -1046 - 148. What are the prime factors of q?
2, 3, 199
Let t be (-2)/(33/12 - 3). Suppose 2*d + t*d = 330. List the prime factors of d.
3, 11
Suppose 4*d + 100 = 8*d. Let n = 31 - d. What are the prime factors of n?
2, 3
What are the prime factors of 251 - ((-3)/(-1) - -5)?
3
Let w be 2/(-5) + 7/5. Suppose 2*y = w - 5. What are the prime factors of 396/14 + y/7?
2, 7
Let u = 346 + 16. List the prime factors of u.
2, 181
Suppose -b - 2 = 3*d + d, 5*b - 5*d = 90. What are the prime factors of ((-7)/(-4))/(b/896)?
2, 7
Let v be 6 + 3/(-7 + 4). Suppose 4*x - 2*t = -10 - 20, -v*x = 5*t. Let m(p) = -7*p + 9. What are the prime factors of m(x)?
2, 11
List the prime factors of 1 + 931 + 0 + (0 - 2).
2, 3, 5, 31
Let g be 0/1 - -9*1. Let c = 22 + g. Suppose -4*z = -2*f + 18, 2*f + f - c = 4*z. List the prime factors of f.
13
Let j(a) = a**3 + 8*a**2 - 5*a. Let v be j(-9). Let n = 5 - v. List the prime factors of n.
41
Let b be 15/(((-30)/4)/5). Let j be 34/10 - (-4)/b. What are the prime factors of -22*(-1 + j + -3)?
2, 11
Let d be 436/(-3)*51/(-34). Let p = -122 + d. What are the prime factors of p?
2, 3
Suppose -3*c = 3*f - 3762, -2*f + 3*c + 3132 - 599 = 0. What are the prime factors of f?
1259
Suppose -4*o + 3*o - 5*u - 19 = 0, -15 = 3*u. What are the prime factors of 3 + 11/(-3) - (-898)/o?
149
Let r(j) = 2*j**3 + j**2 + j. Let g be r(-1). Let q = 108 - g. List the prime factors of q.
2, 5, 11
Let s(u) = -u**3 - 12*u**2 - 36*u - 11. What are the prime factors of s(-11)?
2, 3, 11
Let m be 4/22 - 128/(-22). List the prime factors of 26*m + -3 + -2.
151
Suppose 0 = -5*w - 2*u + 3089, -2*u + 1882 - 31 = 3*w. List the prime factors of w.
619
Suppose -4*y - 278 - 626 = 0. Let a = y - -324. What are the prime factors of a?
2, 7
List the prime factors of (2/(-6))/(((-32)/(-2988))/(-8)).
3, 83
Suppose -25*z + 6 = -23*z. Let s be (2 - z)/(2/(-82)). Suppose -k + s = -19. List the prime factors of k.
2, 3, 5
Suppose -15 = -4*h - 7. Suppose -h*i = -i. Suppose a - 3*a + 96 = i. What are the prime factors of a?
2, 3
Suppose -4*y - q - 48 = 8, 3*y = 3*q - 27. Let c be (-5)/(2*1/2). Let x = c - y. What are the prime factors of x?
2
Let z = 19 + -5. Let u = 32 + z. What are the prime factors of u?
2, 23
List the prime factors of (-22)/(-77) + (-55640)/(-35).
2, 3, 5, 53
List the prime factors of (15/10)/3 + 9384/16.
587
Let i(h) = 665*h**2 + 51*h + 98. List the prime factors of i(-2).
2, 83
Let v(q) = 3*q**2 + 37*q + 64. What are the prime factors of v(-15)?
2, 23
Let v(r) = 101*r**2 + 3*r - 3. Let i(a) = 2*a + 35. Let z be i(-17). List the prime factors of v(z).
101
Let m be ((1*6)/3)/(14/77). Suppose -100 = m*z - 12*z. List the prime factors of z.
2, 5
Let j(k) = k - 9. Let f(o) = -o**2 - 8*o - 1. Let b be f(-7). Let x be j(b). What are the prime factors of (1 - (x - -3)) + 1?
2
Suppose 2*r - 8 = -0*r. Suppose r*l = -5*z + 165, -2*z + 83 = -5*l - 16. Let q = z - -29. What are the prime factors of q?
2, 3, 11
Let y = -18 + 10. Let u = 7 - y. Suppose 4*i - 59 = -u. What are the prime factors of i?
11
Let x(i) = -i + 4. Let s be x(2). Suppose 0 = 3*p + 2*z - 138, -s*p - 25 = -4*z - 133. What are the prime factors of p?
2, 3
Suppose -4*h = -9 + 1. Suppose 0 = h*f - 7*f + 40. List the prime factors of f.
2
Let y = -76 + 76. Suppose 2*r = 5*d + 3*r - 738, d - 3*r - 154 = y. List the prime factors of d.
2, 37
Let b(y) be the first derivative of -y**4/4 + 11*y**3/3 + 3*y**2 + 3*y - 6. List the prime factors of b(11).
3, 23
Suppose -5*o = -3*s - s - 72, o + 4*s - 24 = 0. Suppose -3 + o = 2*g - 3*z, 0 = 4*g - 5*z - 23. What are the prime factors of (12/30)/(g/70)?
2, 7
Let s(c) = 5*c**2 + 4*c - 6. Let n = 39 + -46. What are the prime factors of s(n)?
211
List the prime factors of 723 - (2 - (-1 + -2)).
2, 359
Let q be (3 + (-34)/10)*-70. Suppose 8*w = 9*w - q. List the prime factors of w.
2, 7
Let y(w) = 173*w**3 - 3*w + 4. Let m be y(1). Let p = m + -75. List the prime factors of p.
3, 11
Let q(s) = -209*s + 159. What are the prime factors of q(-8)?
1831
Let j = -8 + 10. Let h = j - 0. Suppose -h*r - l + 51 = 2*l, -r = l - 25. What are the prime factors of r?
2, 3
Let a(m) = m*